). Let c(s) = s**2 + 8*s - 8. Give c(a).
12
Let q(n) = n**3 - n + 10. Let o = 1259 + -1259. Give q(o).
10
Let d(z) = 7*z**2 - 6*z - 2. Let n(a) = -6*a**2 + 5*a + 2. Let l(c) = 5*d(c) + 6*n(c). Calculate l(-2).
-2
Let z(g) be the second derivative of -g**4/6 - 11*g**3/6 + g**2 + 11*g. Let v be z(-5). Let i(b) = b**2 - v*b + 2*b**2 + 3 + 3*b. Calculate i(2).
7
Let h(v) = 15*v - 13. Let y be h(1). Let n(f) be the second derivative of f**y - 1/2*f**3 + 0 + 1/20*f**5 - 5/12*f**4 + 6*f. Determine n(5).
-13
Suppose -3*c + v = -10, -c = 4*c + 2*v - 13. Let r(w) = -w**3 + 2*w**2 + 2*w + 4. Let f be r(c). Let m(l) = -2 + 2*l - 2 - f + 7. Determine m(2).
6
Let h(g) = 127*g**2 + 2*g - 63*g**2 - 65*g**2 - 2 - g - 3. Suppose -2*p + 0 = -4. Suppose 0 = -3*q + p*x + 8, -6*q - 8 = -q + 2*x. Give h(q).
-5
Suppose 3*m - 6 + 33 = 0. Let n = 0 + -13. Let z = m - n. Let s(b) = b**2 - 3*b - 2. What is s(z)?
2
Let l = -245 - -243. Let v(a) = -a**3 + a**2 - 1. Determine v(l).
11
Suppose -k - 5*r = 52, -k + 4 = 3*r + 46. Let v = -23 - k. Let w(t) = 3 + 4 - 6*t - 6 + 2*t**2. Calculate w(v).
9
Let o(g) = -g**2 - 7*g + 4. Let b(k) = -2*k + 3. Let x be b(0). Suppose 2*p + 21 = -t - p, -3*t - 3 = -x*p. What is o(t)?
10
Let w = -41 - -47. Let x(a) = -a**2 + 7*a - 9. Give x(w).
-3
Let j(t) = t + 3. Suppose 83 = -5*p + 33. Give j(p).
-7
Let i(x) be the first derivative of x**5/60 - x**4/8 - 21*x**2/2 - 5. Let p(s) be the second derivative of i(s). Calculate p(4).
4
Let u(q) = -2 + 0 - 2 + 7 - 10*q. Calculate u(2).
-17
Let w(j) be the second derivative of j**3/2 - j**2 + 78*j. Calculate w(-7).
-23
Let g(r) = 3 + 85*r - 37*r - 46*r. Calculate g(0).
3
Let o(b) = -b**2 - b - 5. Let t(l) = -l - 16. Let p be t(7). Let k = p + 23. Give o(k).
-5
Let t(m) = -3*m**3 + 31*m**2 + 21*m + 15. Let c(w) = -w**3 + 15*w**2 + 11*w + 8. Let z(j) = -5*c(j) + 2*t(j). Give z(-12).
2
Let u(p) = -p**2 + 5*p + 4. Let m be (32/(-6))/(6/(-9)). Let h = -12 + m. Let s = h - -9. Give u(s).
4
Let j(a) be the first derivative of a**6/360 - a**5/40 - 5*a**3/3 - 4. Let g(m) be the third derivative of j(m). Let w = -13 - -16. Calculate g(w).
0
Let x(s) = 2*s**2 - 7*s - 15. Let c = 6 - 4. Let z(g) = -g**2 + 4*g + 7. Let q(i) = i + 5. Let m be q(0). Let a(u) = c*x(u) + m*z(u). Determine a(6).
5
Let c(f) be the third derivative of f**4/8 - 29*f**3/6 - 8*f**2. Let i be c(7). Let u(s) = -2*s - 10. Determine u(i).
6
Let k be 6 - (-1)/(-4)*0. Suppose -k = 2*z - 12. Let r(a) = -63 - 2*a - 58 + 2*a**2 + 119. Determine r(z).
10
Let x(t) be the first derivative of -t**4/4 + 11*t**3/3 - 15*t**2/2 - 14*t - 17. Let j(a) = -a. Let k(p) = 5*j(p) - x(p). Calculate k(10).
14
Suppose 0 = -5*z - 16 + 41. Let n(l) = -l**3 + 7*l**2 - 3*l - 3. Calculate n(z).
32
Let l(u) = -18*u**3 - 21*u**2 + 9*u - 27. Let x(t) = -11*t**3 - 11*t**2 + 4*t - 13. Let w(j) = -3*l(j) + 5*x(j). Give w(7).
16
Let v(y) = y**2 - 3*y - 4. Suppose -5*w + 16 = -w. Suppose 0 = w*x - 5*x + 5. Determine v(x).
6
Let p(i) = -195 + 9*i + 195 - 3*i. Calculate p(-3).
-18
Let o = 117 - 123. Let z(k) be the third derivative of -k**6/720 - 13*k**5/120 - k**4/8 - 3*k**2. Let j(i) be the second derivative of z(i). Calculate j(o).
-7
Let j(l) = -6*l**2 + 3*l + 1 - l - 361*l**3 + 0*l + 360*l**3. Determine j(-6).
-11
Let w(j) = 7*j**3. Suppose 9*d + 4 = 5*d. Give w(d).
-7
Let d(g) = -6*g**2 + 2*g**2 - 2 + 5*g**2. Let z = -10 - -12. Give d(z).
2
Let w(m) = 2*m - 5. Let h(p) be the first derivative of -p**2/2 + 3*p + 6. Let o(n) = 11*h(n) + 6*w(n). Suppose -15 = -2*x - x. Calculate o(x).
8
Suppose 0 = 3*v - 77 - 4. Let b = v + -32. Let d(g) = -g**2 - g + 5. What is d(b)?
-15
Let d = 484 - 484. Let f(n) = n**2 + n - 3. Give f(d).
-3
Let a(g) = 2*g - 46*g**2 - 51*g**2 + 153*g**2 + 2 - g**3 - 51*g**2 - 1. Calculate a(5).
11
Let g(y) = -y**2 - 8*y + 22. Suppose 4*s = 4*m + 8 + 28, -53 = 5*m + 3*s. Give g(m).
2
Let u(s) = s + 2. Let d be (-3)/((-55)/(-10) + -4). Let r be -1*1 + d + 5. What is u(r)?
4
Let f(j) = -j + 8. Let c(b) = 17*b**2 + 65*b - 2. Let o be c(-4). Give f(o).
-2
Let p(q) = -3*q + 2*q + 2*q + 12*q + 24. Let l(u) = 3*u + 6. Let k(n) = -18*l(n) + 4*p(n). Give k(-8).
4
Let x(j) be the third derivative of j**5/60 - j**4/12 - 162*j**2. Calculate x(-5).
35
Suppose -4*u - 20 = -9*u. Suppose -4*x = -3*d + 7, -d + 18 - 5 = -u*x. Let f(g) = -5*g**2 - g**3 + 6 + 3*g + g**2 + 0*g. Calculate f(x).
-6
Suppose 6*o - 1 - 23 = 0. Let w(r) = -4 + 4*r**2 + 3*r - 5*r**2 + 3 + 0*r**2. Calculate w(o).
-5
Suppose 0*d = 4*b + 3*d + 24, -2*b - 12 = 5*d. Let h(z) be the third derivative of z**4/8 + z**3/3 - 7*z**2. What is h(b)?
-16
Let r(l) = 9*l**2 + 10*l**2 + 3*l + 2*l**3 - 3*l**3 + 11 + 6*l**2 - 17*l**2. Determine r(8).
35
Suppose 150 - 165 = 15*l. Let s(u) = -9*u**2 + u + 1. Give s(l).
-9
Let f(r) be the second derivative of -13*r + 1/6*r**3 + 0 - 4*r**2. Calculate f(4).
-4
Let l = 751 - 754. Let a(x) = -15*x - 1. What is a(l)?
44
Let z(n) = 7*n. Let c be z(2). Let a(i) = -i**2 + 14*i + 1. Let m be a(c). Let y(g) = 6*g - 1. Determine y(m).
5
Let a = -1 - 12. Let t = -11 - a. Suppose -j = -t + 1. Let s(g) = 6*g - 1. What is s(j)?
5
Let w(d) be the second derivative of d**4/12 + 7*d**3/3 + 4*d**2 - d - 2. What is w(-13)?
-5
Let f(i) be the third derivative of 0*i**3 - 11*i**2 + 0 + 0*i + 1/24*i**4. What is f(-2)?
-2
Let p(q) be the second derivative of -q**5/20 - 3*q**4/4 + 7*q**3/6 + 2*q**2 - q - 16. Determine p(-10).
34
Let x(g) = 3*g**2 + 19*g + 6. Let n(y) = 7*y**2 + 41*y + 15. Let q(i) = 4*n(i) - 9*x(i). Let m(l) = l**2 - 3. Let z be m(-3). Determine q(z).
0
Let r(v) = -4*v - 23. Let u be ((-252)/108)/(2/6). Calculate r(u).
5
Let l(v) = 7*v**2 - v + 6. Let i(u) be the third derivative of -2*u**5/15 - 7*u**3/6 - 3*u**2. Let g(y) = 6*i(y) + 7*l(y). Let f = 11 + -5. Give g(f).
-6
Let n(m) = -2*m + 5*m + 1 + 2*m**2 + m**3 + 0*m + 0. Let a = -118 - -116. What is n(a)?
-5
Let d(v) = -v**3 + 4*v**2 + 3*v - 3. Let j be d(2). Let a(l) be the second derivative of l**3/6 - 8*l**2 - 2*l + 1262. Give a(j).
-5
Suppose -7*z = -260 + 337. Let c(k) = k + 8. Determine c(z).
-3
Let x(j) be the first derivative of 2*j**3 - 1/4*j**4 - 22 + 9*j - j**2. Calculate x(6).
-3
Let n(k) = -k**3 - 2*k. Let j be (4/(-6))/(12/(-54)). Suppose 0 = 4*c + z - 15, 5*c - 6 = 4*z - j. Suppose 0 = c*s - 3 - 3. What is n(s)?
-12
Let x(q) be the second derivative of q**5/20 - 2*q**4/3 - q**3/3 + 17*q**2/2 + 43*q - 3. Determine x(8).
1
Let d(j) = -j**3 + j - 8. Let m(w) be the third derivative of w**5/60 - w**3/6 + 8*w**2. Let i be m(-1). Give d(i).
-8
Let g(q) = q + 4. Let d(k) = -1. Suppose y + 3*y - 4 = 0. Let z(o) = y*g(o) - 4*d(o). Determine z(-8).
0
Let l(v) = v**2 + 15*v + 3. Let o be (-132)/9 - 8/(-12). Calculate l(o).
-11
Let i(y) = -y**2 - 2*y + y - y**3 + 2*y + 2*y**3. Suppose h - 20 = -19. Suppose 6*s - h = 5. What is i(s)?
1
Let a(t) = -t**3 - 5*t**2 - 2*t + 8. Let b be a(-4). Suppose b = -14*g + 2*g - 72. Let c(w) = -w**2 - 7*w. What is c(g)?
6
Suppose -4 = 4*n - 0. Let d be (1 - 1)/(n/1). Suppose f + 20 = 4*t, -2*f - 4*t + 20 = -d*t. Let p(y) = -y**2 - y + 12. What is p(f)?
12
Suppose 5*h - 7 = 3. Suppose -h*v = v - 4*i - 17, -10 = 5*v + i. Let s(q) = -5*q**2 + 2*q + 1. Calculate s(v).
-6
Suppose 56*f - 28 = 28*f. Let u(m) be the third derivative of m**6/10 - m**5/60 + m**3/6 + m**2. What is u(f)?
12
Let s = -35 + 21. Let t(u) = 3*u + 47. Let g be t(s). Let p(h) = h + 3. Determine p(g).
8
Let d(x) = 2*x**2 + 12*x + 2. Suppose -5*i + 3*m - 31 = 0, 14 = -4*i + 3*m - 9. Determine d(i).
34
Let v(c) = -c + 10. Let l be v(6). Suppose -3*k + 4*k = l. Let y(z) = -z**2 + 6*z - 1. Give y(k).
7
Let j(z) be the first derivative of -z**4/4 - 2*z**3 + z**2/2 + 3*z + 129. Let i(y) = -y**2 - y - 6. Let c be i(0). Give j(c).
-3
Let y(k) = k**2 + k + 1. Let g(q) = -3*q**2 + 2*q. Suppose 2*f = f + 3. Suppose -5*c + 4*o - f = 5*o, -c = -2*o + 5. Let p(i) = c*g(i) - 2*y(i). Give p(5).
3
Let d(c) = -3 + 4*c**3 - 5*c**2 - 7*c + 4 + 0 + 9*c**2 - 3*c**3. What is d(-5)?
11
Suppose -4*x = -2*a + 46, -36 = 2*x - 3*a - 3. Let s(m) = m**3 + 10*m**2 + 8*m - 1. What is s(x)?
8
Let i = -295 + 300. Suppose -z - z = 0. Let m(q) = q + 3 + z - i. Calculate m(6).
4
Let z = -22 + 26. Let w be 3/3 + 16/z. Let d(o) = -3*o + 1. Determine d(w).
-14
Le